07893?
False
Is 374330 a multiple of 33?
False
Is 8 a factor of 560524?
False
Does 1521 divide 6832961?
False
Is 504153 a multiple of 31?
True
Does 37 divide 38702?
True
Is 283 a factor of 7179522?
False
Does 783 divide 2750679?
True
Does 476 divide 3989356?
True
Does 57 divide 1599531?
False
Is 150 a factor of 773224?
False
Is 32 a factor of 1215424?
True
Is 180 a factor of 241020?
True
Is 129 a factor of 124509?
False
Is 156598 a multiple of 247?
True
Is 103 a factor of 36459?
False
Is 5077009 a multiple of 59?
True
Is 11568864 a multiple of 39?
False
Does 13 divide 1615068?
True
Is 127 a factor of 247684?
False
Is 18 a factor of 206532?
True
Does 49 divide 90280?
False
Is 2304010 a multiple of 17?
True
Is 563103 a multiple of 6?
False
Is 2 a factor of 17023?
False
Is 2937430 a multiple of 185?
True
Is 363941 a multiple of 9?
False
Does 982 divide 1668487?
False
Does 82 divide 1170304?
True
Is 194839 a multiple of 2?
False
Does 18 divide 2094241?
False
Does 7 divide 308063?
True
Is 15 a factor of 807270?
True
Is 153 a factor of 1314553?
False
Is 20240442 a multiple of 659?
False
Does 32 divide 15400?
False
Is 69 a factor of 2412378?
True
Is 19 a factor of 16948?
True
Is 13 a factor of 764127?
True
Does 6 divide 3834?
True
Is 234 a factor of 225283?
False
Is 19 a factor of 184199?
False
Does 18 divide 1555848?
True
Is 2 a factor of 32828?
True
Does 46 divide 214176?
True
Is 23 a factor of 553600?
False
Is 15994 a multiple of 3?
False
Does 934 divide 3308381?
False
Is 160645 a multiple of 5?
True
Does 74 divide 1426868?
True
Is 913915 a multiple of 9?
False
Is 3 a factor of 57525?
True
Is 7 a factor of 78001?
True
Does 20 divide 8254260?
True
Is 526 a factor of 12155930?
False
Does 64 divide 297728?
True
Is 25421010 a multiple of 25?
False
Is 1194 a factor of 7776877?
False
Is 296 a factor of 557960?
True
Is 660 a factor of 16115220?
True
Is 12021714 a multiple of 19?
False
Is 3785885 a multiple of 263?
True
Is 44 a factor of 445871?
False
Does 4 divide 1418900?
True
Does 19 divide 187777?
True
Is 56 a factor of 10264072?
True
Is 5153616 a multiple of 20?
False
Is 258921 a multiple of 13?
True
Does 1843 divide 12362844?
True
Does 321 divide 550124?
False
Is 2 a factor of 25097?
False
Is 5357077 a multiple of 108?
False
Is 45 a factor of 747173?
False
Is 7785 a multiple of 9?
True
Is 235968 a multiple of 48?
True
Does 64 divide 5815051?
False
Does 313 divide 78876?
True
Is 1120358 a multiple of 85?
False
Does 9 divide 1913517?
True
Is 22 a factor of 558321?
False
Is 8 a factor of 17176?
True
Is 2891180 a multiple of 10?
True
Does 297 divide 14434639?
False
Is 47189 a multiple of 4?
False
Does 464 divide 406794?
False
Is 1207808 a multiple of 16?
True
Is 24 a factor of 4654313?
False
Is 35305 a multiple of 115?
True
Is 3217085 a multiple of 23?
False
Is 205 a factor of 13075925?
True
Is 5 a factor of 115454?
False
Is 128 a factor of 7712512?
True
Is 10901159 a multiple of 27?
False
Does 96 divide 37947?
False
Is 998 a factor of 15700456?
False
Is 2 a factor of 131283?
False
Does 69 divide 2163702?
True
Is 321 a factor of 252860?
False
Is 6 a factor of 23442?
True
Is 4 a factor of 3086320?
True
Is 273 a factor of 334152?
True
Is 28714859 a multiple of 17?
False
Does 10 divide 305505?
False
Is 63 a factor of 143933?
False
Is 8409204 a multiple of 83?
False
Is 12 a factor of 923496?
True
Does 24 divide 486629?
False
Does 103 divide 4085648?
False
Is 1605450 a multiple of 105?
True
Is 1106404 a multiple of 52?
True
Is 178200 a multiple of 5?
True
Is 5 a factor of 2106887?
False
Does 220 divide 296783?
False
Is 3 a factor of 1753501?
False
Does 10 divide 1608350?
True
Is 127803 a multiple of 227?
False
Does 589 divide 195468?
False
Is 114474 a multiple of 30?
False
Is 39 a factor of 1174368?
True
Does 17 divide 4609448?
True
Is 2256982 a multiple of 2?
True
Does 65 divide 1689037?
False
Is 96 a factor of 181536?
True
Is 828343 a multiple of 19?
True
Does 8 divide 728273?
False
Is 426 a factor of 305677?
False
Does 669 divide 962691?
True
Is 150606 a multiple of 54?
True
Is 46406 a multiple of 48?
False
Is 5 a factor of 2145?
True
Is 2763822 a multiple of 114?
False
Does 691 divide 635720?
True
Is 167 a factor of 4832980?
True
Does 133 divide 20776329?
True
Is 64014 a multiple of 3?
True
Does 386 divide 342463?
False
Is 608592 a multiple of 16?
True
Is 454179 a multiple of 165?
False
Is 59 a factor of 430346?
True
Does 23 divide 5618388?
False
Is 5 a factor of 7772150?
True
Does 24 divide 281379?
False
Is 51 a factor of 846286?
False
Does 72 divide 364680?
True
Is 221 a factor of 5455902?
False
Does 24 divide 572352?
True
Is 7 a factor of 27049?
False
Is 197 a factor of 16987?
False
Does 11 divide 1669547?
True
Is 5 a factor of 584973?
False
Is 76234 a multiple of 47?
True
Does 229 divide 194192?
True
Is 121780 a multiple of 10?
True
Is 334400 a multiple of 88?
True
Is 76 a factor of 140308?
False
Is 102 a factor of 22950?
True
Does 32 divide 248070?
False
Does 272 divide 807104?
False
Does 24 divide 127189?
False
Is 605 a factor of 1125905?
True
Is 2136060 a multiple of 590?
False
Is 1708913 a multiple of 88?
False
Is 344 a factor of 470485?
False
Is 1807270 a multiple of 5?
True
Is 158679 a multiple of 9?
True
Is 9230771 a multiple of 90?
False
Is 18 a factor of 1982106?
True
Does 4 divide 18378?
False
Is 283 a factor of 63392?
True
Is 314 a factor of 483560?
True
Does 502 divide 352906?
True
Is 15695790 a multiple of 110?
True
Is 575328 a multiple of 26?
True
Is 27222 a multiple of 62?
False
Is 119701 even?
False
Is 156792 a multiple of 24?
True
Is 2226276 a multiple of 234?
True
Is 1763268 a multiple of 89?
True
Does 37 divide 799311?
True
Is 2581301 a multiple of 12?
False
Is 968 a multiple of 3?
False
Is 20 a factor of 46460?
True
Is 168 a factor of 3155376?
True
Is 3363855 a multiple of 165?
True
Is 297567 a multiple of 107?
True
Is 3108091 a multiple of 6?
False
Does 12 divide 86821?
False
Is 1816078 a multiple of 22?
True
Is 502 a factor of 3557674?
True
Does 66 divide 2661582?
True
Is 2055616 a multiple of 4?
True
Is 38 a factor of 5063690?
True
Does 85 divide 381395?
True
Is 1352450 a multiple of 40?
False
Is 976166 a multiple of 17?
False
Is 366 a factor of 94633?
False
Does 2 divide 35666?
True
Is 14432506 a multiple of 56?
False
Does 20 divide 1413819?
False
Does 1762 divide 6259268?
False
Is 136818 a multiple of 11?
True
Is 5 a factor of 62895?
True
Is 30 a factor of 6947640?
True
Is 95 a factor of 6164339?
False
Is 68968 a multiple of 296?
True
Is 27 a factor of 263952?
True
Does 19 divide 119016?
True
Is 425 a factor of 932145?
False
Is 243529 a multiple of 163?
False
Does 585 divide 1203944?
False
Is 12 a factor of 95010?
False
Is 5 a factor of 2564105?
True
Does 3 divide 164301?
True
Is 343162 a multiple of 34?
True
Does 5 divide 109142?
False
Is 1756974 a multiple of 103?
True
Does 121 divide 5748468?
True
Is 340461 a multiple of 52?
False
Does 41 divide 247861?
False
Is 7 a factor of 16649?
False
Is 467299 a multiple of 7?
True
Is 17710637 a multiple of 15?
False
Is 34 a factor of 9450198?
True
Does 33 divide 458259?
False
Is 1238248 a multiple of 466?
False
Is 260785 a multiple of 109?
False
Does 386 divide 1679486?
True
Is 163 a factor of 965123?
True
Is 367200 a multiple of 225?
True
Is 6003545 a multiple of 18?
False
Is 4321948 a multiple of 1610?
False
Does 20 divide 248081?
False
Is 54887 a multiple of 183?
False
Is 11 a factor of 219813?
True
Does 7 divide 2348584?
True
Is 23 a factor of 94967?
True
Is 12347 a multiple of 13?
False
Does 354 divide 5381396?
False
Does 35 divide 176731?
False
Is 94305 a multiple of 12?
False
Is 458680 a multiple of 21?
False
Does 6 divide 9301220?
False
Is 11316093 a multiple of 54?
False
Does 11 divide 823674?
False
Is 4010624 a multiple of 16?
True
Does 194 divide 3344366?
True
Does 136 divide 697680?
True
Is 4023710 a multiple of 31?
False
Is 18 a factor of 25318?
False
Is 19 a factor of 41872?
False
Is 1770048 a multiple of 21?
True
Does 42 divide 6947843?
False
Does 133 divide 21129614?
False
Is 11 a factor of 492976?
True
Is 2320946 a multiple of 837?
False
Is 111 a factor of 151404?
True
Is 125645 a multiple of 5?
True
Is 797 a factor of 8104156?
False
Does 59 divide 368042?
True
